 q(5). Let m = 56 - t. What is the units digit of m?
4
Suppose -5*g + 4*y = -1, 7*g - 2*g = -4*y + 9. Let i(r) = 28*r**2 - r. What is the tens digit of i(g)?
2
Let g be (-2)/(-5) + 49/(-35). What is the tens digit of ((-8)/4)/(g/18)?
3
Let d = 225 + -471. Let o = -132 - d. What is the tens digit of o?
1
Suppose 6*b + 3*d = b + 72, -2*b + 3*d + 12 = 0. Suppose b*k - 1740 = -300. What is the hundreds digit of k?
1
Let g(s) = -s**3 + 32*s**2 - 62*s + 35. What is the units digit of g(29)?
0
Let x(l) = l**2 + 7*l - 19. Let j be (6/(-9))/(1/(2*9)). What is the tens digit of x(j)?
4
Suppose -14*x = -7273 - 25053. What is the units digit of x?
9
Suppose -85 = -32*o + 27*o. Let s be 0 + -14 + 3 + -2. Let j = s + o. What is the units digit of j?
4
Let d be -3 + 1 - (-38 + -13). Suppose 4*o + d = 257. What is the tens digit of o?
5
Suppose -29 = 3*b + 25. Let n be -40 - (-30*3)/(-9). What is the units digit of (b - n) + (1 - 4)?
9
Let t = 1219 - 666. What is the units digit of t?
3
Suppose 0 = 2*b + 2 - 4. What is the tens digit of b/(-7) - 6320/(-140)?
4
Let n = -462 + 1522. What is the units digit of n?
0
What is the tens digit of -6*10/(-180) - 26312/(-12)?
9
Let x be 3/((-12)/2)*-16. Suppose -2*t - x + 60 = 0. Let p = t + 17. What is the tens digit of p?
4
What is the tens digit of 2/11 + (7564/22 - 5)?
3
Let z be ((-4)/10)/((-1)/25). Let o(b) = 1 + z*b - 1 + b**2 - 3. What is the units digit of o(-11)?
8
Let z = 7872 - 4641. What is the tens digit of z?
3
Let p(v) = v - 7. Let x be p(3). Let a be -141 - (-2 + x/4). What is the tens digit of 6/(-2)*a/9?
4
Suppose 0 = -2*p - 198 - 682. What is the units digit of p/(-75) - (-2)/15?
6
Suppose 0 = 6*q - 93 - 3. Let y = 19 - q. Suppose -y*h + 4 = -4*n + 216, -h = n - 53. What is the tens digit of n?
5
What is the units digit of (21 + 282)*(0 - -1)?
3
Let y = -300 - -780. What is the hundreds digit of y?
4
Suppose -3*s + 360 = -4*f, -2*f - 166 = -7*s + 2*s. Let g = f + 122. What is the tens digit of g?
2
Suppose 26 = 9*j - 7*j. Let q(m) = 6*m - 23. What is the tens digit of q(j)?
5
Let f(n) = n**3 - 5*n**2 + 4*n - 5. Let y be f(5). Let a be -4*(1 + 39/(-2)). Suppose -13*p = -y*p + a. What is the tens digit of p?
3
Suppose -11232 = -7*o - 3574. Suppose -7*u + o = 205. What is the hundreds digit of u?
1
Let g be (-1)/(33/(-36) + 2/3). Suppose -8 = -l - 5*h + 94, -g*h + 12 = 0. What is the units digit of l?
7
Suppose 17064 = -10*l + 54574. What is the hundreds digit of l?
7
Let l be (-1)/(-4) + (-3)/((-60)/1255). Suppose 65*v - l*v = 240. What is the tens digit of v?
2
Let p(d) = 489*d**2 - 10*d + 7. What is the hundreds digit of p(1)?
4
Let l(y) = 3*y + 23. Let m be l(-6). Suppose 0 = -4*c - 3*v + 655, 5*c + v + 0*v - 805 = 0. Suppose 0*p = -m*p + c. What is the tens digit of p?
3
Let m(d) = 3*d**2 - d - 2. Suppose -5 = 5*f - 0. Let y be m(f). What is the units digit of (y + 20)*(-1)/(-2)?
1
Suppose 8*r - 1591 = 2985. What is the units digit of r?
2
Suppose -10*y - 3*s = -5*y - 3183, 2*y - 1258 = -5*s. What is the tens digit of y?
3
Let t(u) = -u - 6. Let f be t(-6). Suppose f = -z - 3*z + 204. What is the units digit of z?
1
Suppose 8*k - 4*h = 3*k + 452, -4*k + 4*h = -364. Suppose l + l = k. Suppose 0 = y + 3*b - l, 15 = 6*b - b. What is the units digit of y?
5
Let g(p) = 59*p + 6. What is the tens digit of g(1)?
6
Let f = 1378 + -492. What is the tens digit of f?
8
Let d be -1*3 - (4 - 14). Let w = 4 - d. What is the units digit of w + 0/4 - -9?
6
Let g be 1*(-1 - 1)*-6. Let b = g - 47. What is the tens digit of (-28)/b - 366/(-5)?
7
Let b(h) be the third derivative of h**5/3 + h**2. Let z be b(-1). Suppose 4*o - z = 148. What is the tens digit of o?
4
Let a be 8*(-8)/(-6) + (-8)/12. What is the units digit of -3 - 4/a*5*-33?
3
Suppose -94*q + 56760 = -79*q. What is the hundreds digit of q?
7
Suppose 40 - 43 = -q. What is the tens digit of 72 + (-12)/(-1 - q)?
7
Suppose 3*z + 1 = 10. Suppose z*t = 3 + 315. What is the tens digit of t?
0
Let d(k) = k**2 - 1. Suppose -5*x - 13 = 12. Let a be d(x). What is the tens digit of ((-3)/2)/(a/(-304))?
1
Let u(s) = -276*s + 69. What is the hundreds digit of u(-3)?
8
Let u(j) = j**3 - 18*j**2 + 18*j - 7. Let k be u(17). Let r(z) = -z**3 + 9*z**2 + 13*z - 6. What is the units digit of r(k)?
4
Let c(q) = 12*q + 3. Suppose 3*b + 25 = -d + 5*d, 17 = 5*d + b. Let m be c(d). Let v = m + -28. What is the units digit of v?
3
Let n(q) = 3*q**2 - 1. Let k be n(-1). Let p be (-1)/(2 - 3/k). What is the units digit of 8/(-3 - 8/p)?
8
Let g(t) = -2 + 2*t + 1 + 0*t + t**2 + 4. Let q be g(-2). Suppose -2*l + 91 = q*d, 0*d + 2*l + 83 = 3*d. What is the units digit of d?
9
Suppose 98*b - 90*b = 5048. What is the hundreds digit of b?
6
Let q = -20 + 20. Let j(o) = 3*o + 5. Let l be j(q). What is the units digit of 11/55 - (-259)/l?
2
Let v(b) = b**3 + 24*b**2 - b - 38. What is the tens digit of v(-23)?
1
Suppose x - 5 = -2. Suppose 2*w + 5*g - 185 = -0*w, x*g + 3 = 0. What is the tens digit of w?
9
Let z = 870 + -246. What is the tens digit of z?
2
Suppose -5*r + 111 = 41. What is the tens digit of ((-46)/(-3))/((-11)/((-231)/r))?
2
Let s = -12 + 13. Let c be s*(-4 + 0 + 0). Let f = 20 + c. What is the tens digit of f?
1
Suppose -986 - 438 = -16*g. What is the tens digit of g?
8
Suppose q - 34 = -q + 5*u, -2*u - 8 = 0. Let w(b) = b**2 - 4*b + 3*b + 0*b. What is the units digit of w(q)?
2
Suppose 112*y = 118*y - 2922. What is the tens digit of y?
8
Let y(d) = -195*d + 5. Let m be y(-4). Suppose -m - 211 = -6*z. What is the hundreds digit of z?
1
Suppose -3003 = -7*v + 3003. What is the units digit of v?
8
Suppose 0*w + 4*w = 16. Let h be (w/12)/(2/18). Suppose -q = h*q - 120. What is the units digit of q?
0
Suppose 5*n = 237 + 183. Let d be (n/9)/(-4)*-3. Suppose 4*x = d + 33. What is the units digit of x?
0
Let s(c) = c**3 - 9*c + 3. Let z be s(3). Suppose 3 + 156 = z*y. What is the tens digit of y?
5
Suppose 4*c = 3*c - 4. What is the units digit of 2*((-21)/(-6) - c)?
5
Let m(d) = 5*d + 9. Let a(z) = 66*z + 117. Let v(w) = 2*a(w) - 27*m(w). Let t(x) = x - 15. Let i be t(7). What is the tens digit of v(i)?
1
Let l = 220 - -1802. What is the thousands digit of l?
2
Suppose 3*t - 5*z = -2*t - 155, 3*t - 4*z + 89 = 0. Suppose 9 = 3*g - 4*o + 55, 0 = -4*g + 2*o - 68. Let u = g - t. What is the units digit of u?
7
Let d(b) = -2*b**2 - 3*b + 2. Let u be d(-3). Let i = u + 11. Suppose 4*t - i*g - 49 = 3, g = -4. What is the units digit of t?
9
Let b be (15/(-5))/((-1)/1). Let g = b - 1. Suppose -2*f + 2*u - 3 + 39 = 0, -g*f - 5*u = -71. What is the units digit of f?
3
Suppose 2*l - 43 = 5*y, -y - 2*y = 4*l - 73. Suppose -14*a = -l*a + 345. What is the tens digit of a?
6
Let i(j) = 8*j - 8. Let z = 18 - 14. Let v be z/(1 - -1)*2. What is the units digit of i(v)?
4
Let n = -1345 + 3243. What is the tens digit of n?
9
Suppose 0 = 66*u - 54*u - 12276. What is the thousands digit of u?
1
Let d(b) = -b**3 + 5*b**2 + 9*b - 1. Suppose 5*s - 42 = -2*s. What is the units digit of d(s)?
7
Let s = -4 + 3. Let o be (s/(-4))/((-9)/(-72)). Suppose -18 = -4*l - o*c, 4*l + 2*c + 2*c = 16. What is the units digit of l?
5
Let i(f) = -7*f**3 - f**2 + f + 1. Let v be i(-1). What is the units digit of 3 + 1160/28 + v/(-14)?
4
Let m(k) be the first derivative of -k**3/3 + 5*k**2 - 6*k + 2. Suppose 5*g - 2 - 38 = 0. What is the units digit of m(g)?
0
Suppose -3*s + 15 = w - 4*s, 4*w - 66 = s. Suppose -4*n + j = -231, 0*j = 2*n + 2*j - 108. Let u = n - w. What is the tens digit of u?
4
Let p be (-12)/9 + (-4)/(-12). Let z be ((-2)/(-3))/((-2)/(-9)). What is the units digit of -3 + z + p + 2?
1
Suppose 8011 = -62*w + 67*w - 4*n, -2*n = -2*w + 3206. What is the hundreds digit of w?
5
What is the tens digit of (8 - 63770/21)/(2/(-3))?
4
Suppose -3*l - 176 = -17. Let t = l - -77. What is the units digit of t?
4
Suppose -48*n + 58*n - 80 = 0. Let a be 102/((-16)/(-7) - 2). What is the units digit of a/6 - (-4)/n?
0
What is the units digit of 12/15 - (-2463)/15?
5
Suppose -3*w + 120 = 4*u, 0 = -2*u + 6. Let l = 52 - w. What is the units digit of l?
6
Let g be ((-4)/2)/(3 - 4). Suppose -g*c = c - 60. Suppose -c = 9*k - 13*k. What is the units digit of k?
5
Let g be (-84)/35*(-10)/(-3). Let z be (3 + -2)*(11 + g). Sup